{"id":318,"date":"2020-04-06T20:21:45","date_gmt":"2020-04-06T20:21:45","guid":{"rendered":"http:\/\/tumba-online.de\/?page_id=318"},"modified":"2020-05-06T06:28:07","modified_gmt":"2020-05-06T06:28:07","slug":"kapitel-6","status":"publish","type":"page","link":"http:\/\/tumba-online.de\/?page_id=318","title":{"rendered":"Teil I &#8211; Kapitel 6"},"content":{"rendered":"\t\t<div data-elementor-type=\"wp-page\" data-elementor-id=\"318\" class=\"elementor elementor-318\" data-elementor-settings=\"[]\">\n\t\t\t\t\t\t<div class=\"elementor-inner\">\n\t\t\t\t\t\t\t<div class=\"elementor-section-wrap\">\n\t\t\t\t\t\t\t<section class=\"elementor-section elementor-top-section elementor-element elementor-element-0b78dcc elementor-section-boxed elementor-section-height-default elementor-section-height-default\" data-id=\"0b78dcc\" data-element_type=\"section\">\n\t\t\t\t\t\t<div class=\"elementor-container elementor-column-gap-default\">\n\t\t\t\t\t\t\t<div class=\"elementor-row\">\n\t\t\t\t\t<div class=\"elementor-column elementor-col-100 elementor-top-column elementor-element elementor-element-a68150b\" data-id=\"a68150b\" data-element_type=\"column\">\n\t\t\t<div class=\"elementor-column-wrap elementor-element-populated\">\n\t\t\t\t\t\t\t<div class=\"elementor-widget-wrap\">\n\t\t\t\t\t\t<div class=\"elementor-element elementor-element-d97244e elementor-widget elementor-widget-heading\" data-id=\"d97244e\" data-element_type=\"widget\" data-widget_type=\"heading.default\">\n\t\t\t\t<div class=\"elementor-widget-container\">\n\t\t\t<h2 class=\"elementor-heading-title elementor-size-large\">Sechstes Kapitel: Tumba rettet ihren Vater aus der Gefangenschaft<\/h2>\t\t<\/div>\n\t\t\t\t<\/div>\n\t\t\t\t<div class=\"elementor-element elementor-element-70510c1 elementor-widget elementor-widget-heading\" data-id=\"70510c1\" data-element_type=\"widget\" data-widget_type=\"heading.default\">\n\t\t\t\t<div class=\"elementor-widget-container\">\n\t\t\t<h1 class=\"elementor-heading-title elementor-size-default\">Bilder<\/h1>\t\t<\/div>\n\t\t\t\t<\/div>\n\t\t\t\t\t\t<\/div>\n\t\t\t\t\t<\/div>\n\t\t<\/div>\n\t\t\t\t\t\t\t\t<\/div>\n\t\t\t\t\t<\/div>\n\t\t<\/section>\n\t\t\t\t<section class=\"elementor-section elementor-top-section elementor-element elementor-element-cf075ac elementor-section-boxed elementor-section-height-default elementor-section-height-default\" data-id=\"cf075ac\" data-element_type=\"section\">\n\t\t\t\t\t\t<div class=\"elementor-container elementor-column-gap-default\">\n\t\t\t\t\t\t\t<div class=\"elementor-row\">\n\t\t\t\t\t<div class=\"elementor-column elementor-col-50 elementor-top-column elementor-element elementor-element-54d291d\" data-id=\"54d291d\" data-element_type=\"column\">\n\t\t\t<div class=\"elementor-column-wrap elementor-element-populated\">\n\t\t\t\t\t\t\t<div class=\"elementor-widget-wrap\">\n\t\t\t\t\t\t<div class=\"elementor-element elementor-element-4cc70cd elementor-widget elementor-widget-image\" data-id=\"4cc70cd\" data-element_type=\"widget\" data-widget_type=\"image.default\">\n\t\t\t\t<div class=\"elementor-widget-container\">\n\t\t\t\t\t\t\t\t<div class=\"elementor-image\">\n\t\t\t\t\t\t\t\t\t<figure class=\"wp-caption\">\n\t\t\t\t\t\t\t\t\t\t<img src=\"http:\/\/tumba-online.de\/wp-content\/uploads\/elementor\/thumbs\/H\u00f6hle-Tumba-onoo24fxs1nyrl3m5wujyq47uewg66nzaimjarmdc0.jpg\" title=\"H\u00f6hle Tumba\" alt=\"H\u00f6hle Tumba\" \/>\t\t\t\t\t\t\t\t\t\t\t<figcaption class=\"widget-image-caption wp-caption-text\">Tumba in der Baumh\u00f6hle<\/figcaption>\n\t\t\t\t\t\t\t\t\t\t<\/figure>\n\t\t\t\t\t\t\t\t<\/div>\n\t\t\t\t\t\t<\/div>\n\t\t\t\t<\/div>\n\t\t\t\t<div class=\"elementor-element elementor-element-55df63b elementor-widget elementor-widget-image\" data-id=\"55df63b\" data-element_type=\"widget\" data-widget_type=\"image.default\">\n\t\t\t\t<div class=\"elementor-widget-container\">\n\t\t\t\t\t\t\t\t<div class=\"elementor-image\">\n\t\t\t\t\t\t\t\t\t<figure class=\"wp-caption\">\n\t\t\t\t\t\t\t\t\t\t<img width=\"225\" height=\"225\" src=\"http:\/\/tumba-online.de\/wp-content\/uploads\/2020\/04\/images.jpg\" class=\"attachment-full size-full\" alt=\"\" loading=\"lazy\" srcset=\"http:\/\/tumba-online.de\/wp-content\/uploads\/2020\/04\/images.jpg 225w, http:\/\/tumba-online.de\/wp-content\/uploads\/2020\/04\/images-150x150.jpg 150w\" sizes=\"(max-width: 225px) 100vw, 225px\" \/>\t\t\t\t\t\t\t\t\t\t\t<figcaption class=\"widget-image-caption wp-caption-text\">\"Werkzeug\" zum Schlangenfangen<\/figcaption>\n\t\t\t\t\t\t\t\t\t\t<\/figure>\n\t\t\t\t\t\t\t\t<\/div>\n\t\t\t\t\t\t<\/div>\n\t\t\t\t<\/div>\n\t\t\t\t\t\t<\/div>\n\t\t\t\t\t<\/div>\n\t\t<\/div>\n\t\t\t\t<div class=\"elementor-column elementor-col-50 elementor-top-column elementor-element elementor-element-7793f3d\" data-id=\"7793f3d\" data-element_type=\"column\">\n\t\t\t<div class=\"elementor-column-wrap elementor-element-populated\">\n\t\t\t\t\t\t\t<div class=\"elementor-widget-wrap\">\n\t\t\t\t\t\t<div class=\"elementor-element elementor-element-a42c520 elementor-widget elementor-widget-image\" data-id=\"a42c520\" data-element_type=\"widget\" data-widget_type=\"image.default\">\n\t\t\t\t<div class=\"elementor-widget-container\">\n\t\t\t\t\t\t\t\t<div class=\"elementor-image\">\n\t\t\t\t\t\t\t\t\t<figure class=\"wp-caption\">\n\t\t\t\t\t\t\t\t\t\t<img src=\"http:\/\/tumba-online.de\/wp-content\/uploads\/elementor\/thumbs\/74245202-e1586204070773-onoo5gra2u8o1o8uncustvr7vqffjfxmf24oq6nz7k.jpg\" title=\"74245202\" alt=\"74245202\" \/>\t\t\t\t\t\t\t\t\t\t\t<figcaption class=\"widget-image-caption wp-caption-text\">Wohnhaus in Puritania<\/figcaption>\n\t\t\t\t\t\t\t\t\t\t<\/figure>\n\t\t\t\t\t\t\t\t<\/div>\n\t\t\t\t\t\t<\/div>\n\t\t\t\t<\/div>\n\t\t\t\t<div class=\"elementor-element elementor-element-f9de2ae elementor-widget elementor-widget-image\" data-id=\"f9de2ae\" data-element_type=\"widget\" data-widget_type=\"image.default\">\n\t\t\t\t<div class=\"elementor-widget-container\">\n\t\t\t\t\t\t\t\t<div class=\"elementor-image\">\n\t\t\t\t\t\t\t\t\t\t\t\t<img src=\"http:\/\/tumba-online.de\/wp-content\/uploads\/elementor\/thumbs\/2020-03-17-2-onoo1kpbsiwinbw2m4b1m1812xrl84i89osyp8jf9c.png\" title=\"2020-03-17 (2)\" alt=\"2020-03-17 (2)\" \/>\t\t\t\t\t\t\t\t\t\t\t\t\t\t<\/div>\n\t\t\t\t\t\t<\/div>\n\t\t\t\t<\/div>\n\t\t\t\t\t\t<\/div>\n\t\t\t\t\t<\/div>\n\t\t<\/div>\n\t\t\t\t\t\t\t\t<\/div>\n\t\t\t\t\t<\/div>\n\t\t<\/section>\n\t\t\t\t<section class=\"elementor-section elementor-top-section elementor-element elementor-element-959f7ca elementor-section-boxed elementor-section-height-default elementor-section-height-default\" data-id=\"959f7ca\" data-element_type=\"section\">\n\t\t\t\t\t\t<div class=\"elementor-container elementor-column-gap-default\">\n\t\t\t\t\t\t\t<div class=\"elementor-row\">\n\t\t\t\t\t<div class=\"elementor-column elementor-col-100 elementor-top-column elementor-element elementor-element-584ebc8\" data-id=\"584ebc8\" data-element_type=\"column\">\n\t\t\t<div class=\"elementor-column-wrap elementor-element-populated\">\n\t\t\t\t\t\t\t<div class=\"elementor-widget-wrap\">\n\t\t\t\t\t\t<div class=\"elementor-element elementor-element-428f671 elementor-widget elementor-widget-spacer\" data-id=\"428f671\" data-element_type=\"widget\" data-widget_type=\"spacer.default\">\n\t\t\t\t<div class=\"elementor-widget-container\">\n\t\t\t\t\t<div class=\"elementor-spacer\">\n\t\t\t<div class=\"elementor-spacer-inner\"><\/div>\n\t\t<\/div>\n\t\t\t\t<\/div>\n\t\t\t\t<\/div>\n\t\t\t\t<div class=\"elementor-element elementor-element-f2dce5d elementor-widget elementor-widget-heading\" data-id=\"f2dce5d\" data-element_type=\"widget\" data-widget_type=\"heading.default\">\n\t\t\t\t<div class=\"elementor-widget-container\">\n\t\t\t<h2 class=\"elementor-heading-title elementor-size-default\">Herstellung von Chicha (\"Spuckebier\")<\/h2>\t\t<\/div>\n\t\t\t\t<\/div>\n\t\t\t\t\t\t<\/div>\n\t\t\t\t\t<\/div>\n\t\t<\/div>\n\t\t\t\t\t\t\t\t<\/div>\n\t\t\t\t\t<\/div>\n\t\t<\/section>\n\t\t\t\t<section class=\"elementor-section elementor-top-section elementor-element elementor-element-643f20d elementor-section-boxed elementor-section-height-default elementor-section-height-default\" data-id=\"643f20d\" data-element_type=\"section\">\n\t\t\t\t\t\t<div class=\"elementor-container elementor-column-gap-default\">\n\t\t\t\t\t\t\t<div class=\"elementor-row\">\n\t\t\t\t\t<div class=\"elementor-column elementor-col-50 elementor-top-column elementor-element elementor-element-fb96121\" data-id=\"fb96121\" data-element_type=\"column\">\n\t\t\t<div class=\"elementor-column-wrap elementor-element-populated\">\n\t\t\t\t\t\t\t<div class=\"elementor-widget-wrap\">\n\t\t\t\t\t\t<div class=\"elementor-element elementor-element-ddfd605 elementor-widget elementor-widget-image\" data-id=\"ddfd605\" data-element_type=\"widget\" data-widget_type=\"image.default\">\n\t\t\t\t<div class=\"elementor-widget-container\">\n\t\t\t\t\t\t\t\t<div class=\"elementor-image\">\n\t\t\t\t\t\t\t\t\t\t\t\t<img src=\"http:\/\/tumba-online.de\/wp-content\/uploads\/elementor\/thumbs\/Chicha_-_Fiesta_del_Hu\u00e1n_-_Templo_del_Sol_-_Suamox_-_Boyac\u00e1_-_Colombia-onoo1t5vi18t4k855tb9ecvowpo58resjpjmjxckjk.jpg\" title=\"Chicha_-_Fiesta_del_Hu\u00e1n_-_Templo_del_Sol_-_Suamox_-_Boyac\u00e1_-_Colombia\" alt=\"Chicha_-_Fiesta_del_Hu\u00e1n_-_Templo_del_Sol_-_Suamox_-_Boyac\u00e1_-_Colombia\" \/>\t\t\t\t\t\t\t\t\t\t\t\t\t\t<\/div>\n\t\t\t\t\t\t<\/div>\n\t\t\t\t<\/div>\n\t\t\t\t\t\t<\/div>\n\t\t\t\t\t<\/div>\n\t\t<\/div>\n\t\t\t\t<div class=\"elementor-column elementor-col-50 elementor-top-column elementor-element elementor-element-0f77072\" data-id=\"0f77072\" data-element_type=\"column\">\n\t\t\t<div class=\"elementor-column-wrap elementor-element-populated\">\n\t\t\t\t\t\t\t<div class=\"elementor-widget-wrap\">\n\t\t\t\t\t\t<div class=\"elementor-element elementor-element-09c9ab4 elementor-widget elementor-widget-image\" data-id=\"09c9ab4\" data-element_type=\"widget\" data-widget_type=\"image.default\">\n\t\t\t\t<div class=\"elementor-widget-container\">\n\t\t\t\t\t\t\t\t<div class=\"elementor-image\">\n\t\t\t\t\t\t\t\t\t\t\t\t<img src=\"http:\/\/tumba-online.de\/wp-content\/uploads\/elementor\/thumbs\/Chicha_de_Chonta-onoo1xv2g7f8qm1bedce8tozvn0zb8xg8ct1yb5log.jpg\" title=\"Chicha_de_Chonta\" alt=\"Chicha_de_Chonta\" \/>\t\t\t\t\t\t\t\t\t\t\t\t\t\t<\/div>\n\t\t\t\t\t\t<\/div>\n\t\t\t\t<\/div>\n\t\t\t\t\t\t<\/div>\n\t\t\t\t\t<\/div>\n\t\t<\/div>\n\t\t\t\t\t\t\t\t<\/div>\n\t\t\t\t\t<\/div>\n\t\t<\/section>\n\t\t\t\t<section class=\"elementor-section elementor-top-section elementor-element elementor-element-813573e elementor-section-boxed elementor-section-height-default elementor-section-height-default\" data-id=\"813573e\" data-element_type=\"section\">\n\t\t\t\t\t\t<div class=\"elementor-container elementor-column-gap-default\">\n\t\t\t\t\t\t\t<div class=\"elementor-row\">\n\t\t\t\t\t<div class=\"elementor-column elementor-col-33 elementor-top-column elementor-element elementor-element-5fcad5a\" data-id=\"5fcad5a\" data-element_type=\"column\">\n\t\t\t<div class=\"elementor-column-wrap\">\n\t\t\t\t\t\t\t<div class=\"elementor-widget-wrap\">\n\t\t\t\t\t\t\t\t<\/div>\n\t\t\t\t\t<\/div>\n\t\t<\/div>\n\t\t\t\t<div class=\"elementor-column elementor-col-33 elementor-top-column elementor-element elementor-element-ea36826\" data-id=\"ea36826\" data-element_type=\"column\">\n\t\t\t<div class=\"elementor-column-wrap elementor-element-populated\">\n\t\t\t\t\t\t\t<div class=\"elementor-widget-wrap\">\n\t\t\t\t\t\t<div class=\"elementor-element elementor-element-fe84205 elementor-aspect-ratio-169 elementor-widget elementor-widget-video\" data-id=\"fe84205\" data-element_type=\"widget\" data-settings=\"{&quot;video_type&quot;:&quot;vimeo&quot;,&quot;aspect_ratio&quot;:&quot;169&quot;}\" data-widget_type=\"video.default\">\n\t\t\t\t<div class=\"elementor-widget-container\">\n\t\t\t\t\t<div class=\"elementor-wrapper elementor-fit-aspect-ratio elementor-open-inline\">\n\t\t\t<iframe class=\"elementor-video-iframe\" allowfullscreen title=\"vimeo Video Player\" src=\"https:\/\/player.vimeo.com\/video\/117168614?color&amp;autopause=0&amp;loop=0&amp;muted=0&amp;title=1&amp;portrait=1&amp;byline=1#t=\"><\/iframe>\t\t<\/div>\n\t\t\t\t<\/div>\n\t\t\t\t<\/div>\n\t\t\t\t\t\t<\/div>\n\t\t\t\t\t<\/div>\n\t\t<\/div>\n\t\t\t\t<div class=\"elementor-column elementor-col-33 elementor-top-column elementor-element elementor-element-3f71d71\" data-id=\"3f71d71\" data-element_type=\"column\">\n\t\t\t<div class=\"elementor-column-wrap\">\n\t\t\t\t\t\t\t<div class=\"elementor-widget-wrap\">\n\t\t\t\t\t\t\t\t<\/div>\n\t\t\t\t\t<\/div>\n\t\t<\/div>\n\t\t\t\t\t\t\t\t<\/div>\n\t\t\t\t\t<\/div>\n\t\t<\/section>\n\t\t\t\t<section class=\"elementor-section elementor-top-section elementor-element elementor-element-37e177e elementor-section-boxed elementor-section-height-default elementor-section-height-default\" data-id=\"37e177e\" data-element_type=\"section\">\n\t\t\t\t\t\t<div class=\"elementor-container elementor-column-gap-default\">\n\t\t\t\t\t\t\t<div class=\"elementor-row\">\n\t\t\t\t\t<div class=\"elementor-column elementor-col-100 elementor-top-column elementor-element elementor-element-5a4da32\" data-id=\"5a4da32\" data-element_type=\"column\">\n\t\t\t<div class=\"elementor-column-wrap elementor-element-populated\">\n\t\t\t\t\t\t\t<div class=\"elementor-widget-wrap\">\n\t\t\t\t\t\t<div class=\"elementor-element elementor-element-63b11a2 elementor-widget elementor-widget-spacer\" data-id=\"63b11a2\" data-element_type=\"widget\" data-widget_type=\"spacer.default\">\n\t\t\t\t<div class=\"elementor-widget-container\">\n\t\t\t\t\t<div class=\"elementor-spacer\">\n\t\t\t<div class=\"elementor-spacer-inner\"><\/div>\n\t\t<\/div>\n\t\t\t\t<\/div>\n\t\t\t\t<\/div>\n\t\t\t\t<div class=\"elementor-element elementor-element-2d75e48 elementor-widget elementor-widget-heading\" data-id=\"2d75e48\" data-element_type=\"widget\" data-widget_type=\"heading.default\">\n\t\t\t\t<div class=\"elementor-widget-container\">\n\t\t\t<h2 class=\"elementor-heading-title elementor-size-large\">Informationen<\/h2>\t\t<\/div>\n\t\t\t\t<\/div>\n\t\t\t\t<div class=\"elementor-element elementor-element-08152e8 elementor-widget elementor-widget-text-editor\" data-id=\"08152e8\" data-element_type=\"widget\" data-widget_type=\"text-editor.default\">\n\t\t\t\t<div class=\"elementor-widget-container\">\n\t\t\t\t\t\t\t\t<div class=\"elementor-text-editor elementor-clearfix\">\n\t\t\t\t<p><strong>Was ist Chicha?<\/strong><\/p><p><span style=\"text-decoration: underline;\"><a href=\"https:\/\/info-peru.de\/das-geheimnis-vom-maisbier-chicha-dem-spuckebier-der-anden\/\">https:\/\/info-peru.de\/das-geheimnis-vom-maisbier-chicha-dem-spuckebier-der-anden\/<\/a><\/span><\/p><p>Chicha ist ein alkoholisches Getr\u00e4nk aus dem Andenraum, welches es bereits\u00a0zu Inka-Zeiten gab. Es beinhaltet fermentiertes Obst oder Getreide (meist Mais) und kann mit\u00a0ein bis sechs Prozent Alkohol auch leicht beschwippst\u00a0machen.<\/p><p><strong>Herstellung von Chicha<\/strong><\/p><p>Ganz traditionell wurde Chicha durch das Kauen und Freisetzen von Speichelenzymen hergestellt. Sprich: es wurde so lange gekaut, bis die Getreide-St\u00e4rke sich zu Zucker umgewandelt hat. Ein chemischer Prozess, der die G\u00e4rung des Bieres zur Folge hat. Aber keine Sorge, heute entsteht Chicha nicht mehr im Mund seines Produzenten, sondern durch das Einweichen und Keimen vom Mais.<\/p><p>Mais wird am h\u00e4ufigsten f\u00fcr die Herstellung von Chicha verwendet, da es im Andenraum in gro\u00dfen Mengen angebaut\u00a0wird und eine wichtige Bedeutung in der\u00a0Ern\u00e4hrung der nativen Bev\u00f6lkerung S\u00fcdamerikas darstellt.\u00a0Daneben wird auch\u00a0Quinoa, Maniok, Erdn\u00fcsse oder Palmenfr\u00fcchte\u00a0f\u00fcr die Zubereitung von Chicha genutzt.<\/p><p>Auf der\u00a0<span style=\"text-decoration: underline;\"><a href=\"http:\/\/www.lai.fu-berlin.de\/forschung\/lehrforschung\/symbolische_repraesentationen\/keru_und_holzkreuz\/chicha\/chicha-herstellung\/index.html\">Seite vom Lateinamerika Institut<\/a><\/span>\u00a0wird sehr anschaulich dargestellt, wie Chicha hergestellt wird.<\/p><p><strong>Das Maisbier der Inka<\/strong><\/p><p>Zu Zeiten der\u00a0<span style=\"text-decoration: underline;\"><a href=\"https:\/\/info-peru.de\/peru-inka-geschichte\/\">Inka<\/a><\/span> wurde Chicha bei zeremoniellen, sozialen und politischen Ereignissen getrunken. Es war auch ein beliebtes Mittel um die arbeitende Bev\u00f6lkerung bei Laune zu halten. Beim <span style=\"text-decoration: underline;\"><a href=\"https:\/\/info-peru.de\/inti-raymi-2015-ein-spirituelles-fest-zu-ehren-der-sonne\/\">Inti\u00a0Raymi<\/a>,<\/span> dem Sonnenfest der Inka, wurde ebenfalls Chicha getrunken. Ein \u00fcblicher Brauch besteht darin, einen Schluck Maisbier auf den Boden zu vergie\u00dfen, um der Muttererde \u201ePachamama\u201c f\u00fcr die erfolgreichen Ernten und die Nahrung zu danken.<\/p><p><strong>Chicha probieren?<\/strong><\/p><p>Du findest die traditionelle Art von Chicha nicht in jedem Restaurant. Wenn du Chicha probieren m\u00f6chtest, gehst du am besten in sogenannte \u201ePicanterias\u201c, die sehr traditionelle und \u201eschwere\u201c Andenk\u00fcche zubereiten. Im Heiligen Tal kannst du Chicha bei lokalen Herstellern oder Bauern trinken. In den D\u00f6rfern erkennst du den Ausschank von Chicha an einem Holzstab, an dem eine rote bef\u00fcllte Plastikt\u00fcte befestigt ist und vor dem Haus steht. Dort kannst du klopfen und nach Chicha fragen.\u00a0<\/p><p><strong>Chicha Morada!<\/strong><\/p><p>Es gibt auch unalkoholische Varianten von Chicha, wie zum Beispiel\u00a0Chicha Morada. Dieses s\u00fc\u00dfe Erfrischungsgetr\u00e4nk wird mit dunkelroten Maiskolben, Nelken, Limetten und Zimt zubereitet und steht so gut wie auf jeder Speisekarte.<\/p>\t\t\t\t\t<\/div>\n\t\t\t\t\t\t<\/div>\n\t\t\t\t<\/div>\n\t\t\t\t<div class=\"elementor-element elementor-element-0cb6a8c elementor-widget elementor-widget-spacer\" data-id=\"0cb6a8c\" data-element_type=\"widget\" data-widget_type=\"spacer.default\">\n\t\t\t\t<div class=\"elementor-widget-container\">\n\t\t\t\t\t<div class=\"elementor-spacer\">\n\t\t\t<div class=\"elementor-spacer-inner\"><\/div>\n\t\t<\/div>\n\t\t\t\t<\/div>\n\t\t\t\t<\/div>\n\t\t\t\t\t\t<\/div>\n\t\t\t\t\t<\/div>\n\t\t<\/div>\n\t\t\t\t\t\t\t\t<\/div>\n\t\t\t\t\t<\/div>\n\t\t<\/section>\n\t\t\t\t\t\t<\/div>\n\t\t\t\t\t\t<\/div>\n\t\t\t\t\t<\/div>\n\t\t","protected":false},"excerpt":{"rendered":"<p>Sechstes Kapitel: Tumba rettet ihren Vater aus der Gefangenschaft Bilder Tumba in der Baumh\u00f6hle &#8222;Werkzeug&#8220; zum Schlangenfangen Wohnhaus in Puritania Herstellung von Chicha (&#8222;Spuckebier&#8220;) Informationen Was ist Chicha? https:\/\/info-peru.de\/das-geheimnis-vom-maisbier-chicha-dem-spuckebier-der-anden\/ Chicha ist ein alkoholisches Getr\u00e4nk aus dem Andenraum, welches es bereits\u00a0zu Inka-Zeiten gab. Es beinhaltet fermentiertes Obst oder Getreide (meist Mais) und kann mit\u00a0ein bis sechs [&hellip;]<\/p>\n","protected":false},"author":1,"featured_media":0,"parent":0,"menu_order":0,"comment_status":"closed","ping_status":"closed","template":"","meta":{"spay_email":""},"_links":{"self":[{"href":"http:\/\/tumba-online.de\/index.php?rest_route=\/wp\/v2\/pages\/318"}],"collection":[{"href":"http:\/\/tumba-online.de\/index.php?rest_route=\/wp\/v2\/pages"}],"about":[{"href":"http:\/\/tumba-online.de\/index.php?rest_route=\/wp\/v2\/types\/page"}],"author":[{"embeddable":true,"href":"http:\/\/tumba-online.de\/index.php?rest_route=\/wp\/v2\/users\/1"}],"replies":[{"embeddable":true,"href":"http:\/\/tumba-online.de\/index.php?rest_route=%2Fwp%2Fv2%2Fcomments&post=318"}],"version-history":[{"count":6,"href":"http:\/\/tumba-online.de\/index.php?rest_route=\/wp\/v2\/pages\/318\/revisions"}],"predecessor-version":[{"id":478,"href":"http:\/\/tumba-online.de\/index.php?rest_route=\/wp\/v2\/pages\/318\/revisions\/478"}],"wp:attachment":[{"href":"http:\/\/tumba-online.de\/index.php?rest_route=%2Fwp%2Fv2%2Fmedia&parent=318"}],"curies":[{"name":"wp","href":"https:\/\/api.w.org\/{rel}","templated":true}]}}