{"id":589,"date":"2020-05-23T05:33:01","date_gmt":"2020-05-23T05:33:01","guid":{"rendered":"http:\/\/tumba-online.de\/?page_id=589"},"modified":"2020-05-24T06:38:15","modified_gmt":"2020-05-24T06:38:15","slug":"teil-ii-kapitel-13","status":"publish","type":"page","link":"http:\/\/tumba-online.de\/?page_id=589","title":{"rendered":"Teil II &#8211; Kapitel 13"},"content":{"rendered":"\t\t<div data-elementor-type=\"wp-page\" data-elementor-id=\"589\" class=\"elementor elementor-589\" data-elementor-settings=\"[]\">\n\t\t\t\t\t\t<div class=\"elementor-inner\">\n\t\t\t\t\t\t\t<div class=\"elementor-section-wrap\">\n\t\t\t\t\t\t\t<section class=\"elementor-section elementor-top-section elementor-element elementor-element-6d973e0 elementor-section-boxed elementor-section-height-default elementor-section-height-default\" data-id=\"6d973e0\" data-element_type=\"section\">\n\t\t\t\t\t\t<div class=\"elementor-container elementor-column-gap-default\">\n\t\t\t\t\t\t\t<div class=\"elementor-row\">\n\t\t\t\t\t<div class=\"elementor-column elementor-col-100 elementor-top-column elementor-element elementor-element-2dd6c8b\" data-id=\"2dd6c8b\" data-element_type=\"column\">\n\t\t\t<div class=\"elementor-column-wrap elementor-element-populated\">\n\t\t\t\t\t\t\t<div class=\"elementor-widget-wrap\">\n\t\t\t\t\t\t<div class=\"elementor-element elementor-element-8cf1639 elementor-widget elementor-widget-heading\" data-id=\"8cf1639\" data-element_type=\"widget\" data-widget_type=\"heading.default\">\n\t\t\t\t<div class=\"elementor-widget-container\">\n\t\t\t<h2 class=\"elementor-heading-title elementor-size-xl\">Dreizehntes Kapitel: Tumba und Pep erkunden einen Inkafriedhof und fangen einen Grabr\u00e4uber<\/h2>\t\t<\/div>\n\t\t\t\t<\/div>\n\t\t\t\t<div class=\"elementor-element elementor-element-291d591 elementor-widget elementor-widget-heading\" data-id=\"291d591\" data-element_type=\"widget\" data-widget_type=\"heading.default\">\n\t\t\t\t<div class=\"elementor-widget-container\">\n\t\t\t<h2 class=\"elementor-heading-title elementor-size-large\">Bilder<\/h2>\t\t<\/div>\n\t\t\t\t<\/div>\n\t\t\t\t<div class=\"elementor-element elementor-element-6064c98 elementor-widget elementor-widget-heading\" data-id=\"6064c98\" data-element_type=\"widget\" data-widget_type=\"heading.default\">\n\t\t\t\t<div class=\"elementor-widget-container\">\n\t\t\t<h2 class=\"elementor-heading-title elementor-size-default\">Weiterfahrt von Arequipa nach Nazca<\/h2>\t\t<\/div>\n\t\t\t\t<\/div>\n\t\t\t\t<div class=\"elementor-element elementor-element-84cce19 elementor-widget elementor-widget-image\" data-id=\"84cce19\" data-element_type=\"widget\" data-widget_type=\"image.default\">\n\t\t\t\t<div class=\"elementor-widget-container\">\n\t\t\t\t\t\t\t\t<div class=\"elementor-image\">\n\t\t\t\t\t\t\t\t\t\t\t\t<img width=\"1024\" height=\"548\" src=\"http:\/\/tumba-online.de\/wp-content\/uploads\/2020\/05\/Arequipa-Nazca-1024x548.png\" class=\"attachment-large size-large\" alt=\"\" loading=\"lazy\" srcset=\"http:\/\/tumba-online.de\/wp-content\/uploads\/2020\/05\/Arequipa-Nazca-1024x548.png 1024w, http:\/\/tumba-online.de\/wp-content\/uploads\/2020\/05\/Arequipa-Nazca-300x161.png 300w, http:\/\/tumba-online.de\/wp-content\/uploads\/2020\/05\/Arequipa-Nazca-768x411.png 768w, http:\/\/tumba-online.de\/wp-content\/uploads\/2020\/05\/Arequipa-Nazca.png 1410w\" sizes=\"(max-width: 1024px) 100vw, 1024px\" \/>\t\t\t\t\t\t\t\t\t\t\t\t\t\t<\/div>\n\t\t\t\t\t\t<\/div>\n\t\t\t\t<\/div>\n\t\t\t\t<div class=\"elementor-element elementor-element-beaba44 elementor-widget elementor-widget-heading\" data-id=\"beaba44\" data-element_type=\"widget\" data-widget_type=\"heading.default\">\n\t\t\t\t<div class=\"elementor-widget-container\">\n\t\t\t<h2 class=\"elementor-heading-title elementor-size-default\">Die Panamericana zwischen Arequipa und Nazca<\/h2>\t\t<\/div>\n\t\t\t\t<\/div>\n\t\t\t\t\t\t<\/div>\n\t\t\t\t\t<\/div>\n\t\t<\/div>\n\t\t\t\t\t\t\t\t<\/div>\n\t\t\t\t\t<\/div>\n\t\t<\/section>\n\t\t\t\t<section class=\"elementor-section elementor-top-section elementor-element elementor-element-e1de135 elementor-section-boxed elementor-section-height-default elementor-section-height-default\" data-id=\"e1de135\" data-element_type=\"section\">\n\t\t\t\t\t\t<div class=\"elementor-container elementor-column-gap-default\">\n\t\t\t\t\t\t\t<div class=\"elementor-row\">\n\t\t\t\t\t<div class=\"elementor-column elementor-col-50 elementor-top-column elementor-element elementor-element-541184c\" data-id=\"541184c\" data-element_type=\"column\">\n\t\t\t<div class=\"elementor-column-wrap elementor-element-populated\">\n\t\t\t\t\t\t\t<div class=\"elementor-widget-wrap\">\n\t\t\t\t\t\t<div class=\"elementor-element elementor-element-3b4ee3b elementor-widget elementor-widget-image\" data-id=\"3b4ee3b\" data-element_type=\"widget\" data-widget_type=\"image.default\">\n\t\t\t\t<div class=\"elementor-widget-container\">\n\t\t\t\t\t\t\t\t<div class=\"elementor-image\">\n\t\t\t\t\t\t\t\t\t\t\t\t<img width=\"1024\" height=\"683\" src=\"http:\/\/tumba-online.de\/wp-content\/uploads\/2020\/05\/2801-scaled.jpg\" class=\"attachment-large size-large\" alt=\"\" loading=\"lazy\" srcset=\"http:\/\/tumba-online.de\/wp-content\/uploads\/2020\/05\/2801-scaled.jpg 2560w, http:\/\/tumba-online.de\/wp-content\/uploads\/2020\/05\/2801-300x200.jpg 300w\" sizes=\"(max-width: 1024px) 100vw, 1024px\" \/>\t\t\t\t\t\t\t\t\t\t\t\t\t\t<\/div>\n\t\t\t\t\t\t<\/div>\n\t\t\t\t<\/div>\n\t\t\t\t\t\t<\/div>\n\t\t\t\t\t<\/div>\n\t\t<\/div>\n\t\t\t\t<div class=\"elementor-column elementor-col-50 elementor-top-column elementor-element elementor-element-b5fd360\" data-id=\"b5fd360\" data-element_type=\"column\">\n\t\t\t<div class=\"elementor-column-wrap elementor-element-populated\">\n\t\t\t\t\t\t\t<div class=\"elementor-widget-wrap\">\n\t\t\t\t\t\t<div class=\"elementor-element elementor-element-4ae3b3c elementor-widget elementor-widget-image\" data-id=\"4ae3b3c\" data-element_type=\"widget\" data-widget_type=\"image.default\">\n\t\t\t\t<div class=\"elementor-widget-container\">\n\t\t\t\t\t\t\t\t<div class=\"elementor-image\">\n\t\t\t\t\t\t\t\t\t\t\t\t<img width=\"800\" height=\"532\" src=\"http:\/\/tumba-online.de\/wp-content\/uploads\/2020\/05\/800px-Paracas_National_Reserve_Ica_Peru-3April2011.jpg\" class=\"attachment-large size-large\" alt=\"\" loading=\"lazy\" srcset=\"http:\/\/tumba-online.de\/wp-content\/uploads\/2020\/05\/800px-Paracas_National_Reserve_Ica_Peru-3April2011.jpg 800w, http:\/\/tumba-online.de\/wp-content\/uploads\/2020\/05\/800px-Paracas_National_Reserve_Ica_Peru-3April2011-300x200.jpg 300w, http:\/\/tumba-online.de\/wp-content\/uploads\/2020\/05\/800px-Paracas_National_Reserve_Ica_Peru-3April2011-768x511.jpg 768w\" sizes=\"(max-width: 800px) 100vw, 800px\" \/>\t\t\t\t\t\t\t\t\t\t\t\t\t\t<\/div>\n\t\t\t\t\t\t<\/div>\n\t\t\t\t<\/div>\n\t\t\t\t\t\t<\/div>\n\t\t\t\t\t<\/div>\n\t\t<\/div>\n\t\t\t\t\t\t\t\t<\/div>\n\t\t\t\t\t<\/div>\n\t\t<\/section>\n\t\t\t\t<section class=\"elementor-section elementor-top-section elementor-element elementor-element-966a18d elementor-section-boxed elementor-section-height-default elementor-section-height-default\" data-id=\"966a18d\" data-element_type=\"section\">\n\t\t\t\t\t\t<div class=\"elementor-container elementor-column-gap-default\">\n\t\t\t\t\t\t\t<div class=\"elementor-row\">\n\t\t\t\t\t<div class=\"elementor-column elementor-col-50 elementor-top-column elementor-element elementor-element-e6452f3\" data-id=\"e6452f3\" data-element_type=\"column\">\n\t\t\t<div class=\"elementor-column-wrap elementor-element-populated\">\n\t\t\t\t\t\t\t<div class=\"elementor-widget-wrap\">\n\t\t\t\t\t\t<div class=\"elementor-element elementor-element-7b34d72 elementor-widget elementor-widget-heading\" data-id=\"7b34d72\" data-element_type=\"widget\" data-widget_type=\"heading.default\">\n\t\t\t\t<div class=\"elementor-widget-container\">\n\t\t\t<h2 class=\"elementor-heading-title elementor-size-default\">Tumbas klappriges Taxi<\/h2>\t\t<\/div>\n\t\t\t\t<\/div>\n\t\t\t\t<div class=\"elementor-element elementor-element-785f6eb elementor-widget elementor-widget-image\" data-id=\"785f6eb\" data-element_type=\"widget\" data-widget_type=\"image.default\">\n\t\t\t\t<div class=\"elementor-widget-container\">\n\t\t\t\t\t\t\t\t<div class=\"elementor-image\">\n\t\t\t\t\t\t\t\t\t\t\t\t<img width=\"400\" height=\"300\" src=\"http:\/\/tumba-online.de\/wp-content\/uploads\/2020\/05\/thumb-IMGP2738.jpg\" class=\"attachment-large size-large\" alt=\"\" loading=\"lazy\" srcset=\"http:\/\/tumba-online.de\/wp-content\/uploads\/2020\/05\/thumb-IMGP2738.jpg 400w, http:\/\/tumba-online.de\/wp-content\/uploads\/2020\/05\/thumb-IMGP2738-300x225.jpg 300w\" sizes=\"(max-width: 400px) 100vw, 400px\" \/>\t\t\t\t\t\t\t\t\t\t\t\t\t\t<\/div>\n\t\t\t\t\t\t<\/div>\n\t\t\t\t<\/div>\n\t\t\t\t<div class=\"elementor-element elementor-element-89edbc8 elementor-widget elementor-widget-spacer\" data-id=\"89edbc8\" data-element_type=\"widget\" data-widget_type=\"spacer.default\">\n\t\t\t\t<div class=\"elementor-widget-container\">\n\t\t\t\t\t<div class=\"elementor-spacer\">\n\t\t\t<div class=\"elementor-spacer-inner\"><\/div>\n\t\t<\/div>\n\t\t\t\t<\/div>\n\t\t\t\t<\/div>\n\t\t\t\t\t\t<\/div>\n\t\t\t\t\t<\/div>\n\t\t<\/div>\n\t\t\t\t<div class=\"elementor-column elementor-col-50 elementor-top-column elementor-element elementor-element-0a3cfaf\" data-id=\"0a3cfaf\" data-element_type=\"column\">\n\t\t\t<div class=\"elementor-column-wrap elementor-element-populated\">\n\t\t\t\t\t\t\t<div class=\"elementor-widget-wrap\">\n\t\t\t\t\t\t<div class=\"elementor-element elementor-element-58339e5 elementor-widget elementor-widget-heading\" data-id=\"58339e5\" data-element_type=\"widget\" data-widget_type=\"heading.default\">\n\t\t\t\t<div class=\"elementor-widget-container\">\n\t\t\t<h2 class=\"elementor-heading-title elementor-size-default\">Gepl\u00fcnderter Incafriedhof<\/h2>\t\t<\/div>\n\t\t\t\t<\/div>\n\t\t\t\t<div class=\"elementor-element elementor-element-41b78bb elementor-widget elementor-widget-image\" data-id=\"41b78bb\" data-element_type=\"widget\" data-widget_type=\"image.default\">\n\t\t\t\t<div class=\"elementor-widget-container\">\n\t\t\t\t\t\t\t\t<div class=\"elementor-image\">\n\t\t\t\t\t\t\t\t\t\t\t\t<img src=\"http:\/\/tumba-online.de\/wp-content\/uploads\/elementor\/thumbs\/szkielety_i_czaszki_w_peru-opxeshmvon6cxw838nfsl372nzzvcylva566sfcao0.jpg\" title=\"szkielety_i_czaszki_w_peru\" alt=\"szkielety_i_czaszki_w_peru\" \/>\t\t\t\t\t\t\t\t\t\t\t\t\t\t<\/div>\n\t\t\t\t\t\t<\/div>\n\t\t\t\t<\/div>\n\t\t\t\t\t\t<\/div>\n\t\t\t\t\t<\/div>\n\t\t<\/div>\n\t\t\t\t\t\t\t\t<\/div>\n\t\t\t\t\t<\/div>\n\t\t<\/section>\n\t\t\t\t<section class=\"elementor-section elementor-top-section elementor-element elementor-element-1ef0d9d elementor-section-boxed elementor-section-height-default elementor-section-height-default\" data-id=\"1ef0d9d\" data-element_type=\"section\">\n\t\t\t\t\t\t<div class=\"elementor-container elementor-column-gap-default\">\n\t\t\t\t\t\t\t<div class=\"elementor-row\">\n\t\t\t\t\t<div class=\"elementor-column elementor-col-50 elementor-top-column elementor-element elementor-element-c6b48c6\" data-id=\"c6b48c6\" data-element_type=\"column\">\n\t\t\t<div class=\"elementor-column-wrap elementor-element-populated\">\n\t\t\t\t\t\t\t<div class=\"elementor-widget-wrap\">\n\t\t\t\t\t\t<div class=\"elementor-element elementor-element-cfc5db4 elementor-widget elementor-widget-heading\" data-id=\"cfc5db4\" data-element_type=\"widget\" data-widget_type=\"heading.default\">\n\t\t\t\t<div class=\"elementor-widget-container\">\n\t\t\t<h2 class=\"elementor-heading-title elementor-size-default\">Grabr\u00e4uber<\/h2>\t\t<\/div>\n\t\t\t\t<\/div>\n\t\t\t\t<div class=\"elementor-element elementor-element-e1a7f11 elementor-widget elementor-widget-image\" data-id=\"e1a7f11\" data-element_type=\"widget\" data-widget_type=\"image.default\">\n\t\t\t\t<div class=\"elementor-widget-container\">\n\t\t\t\t\t\t\t\t<div class=\"elementor-image\">\n\t\t\t\t\t\t\t\t\t\t\t\t<img width=\"1024\" height=\"620\" src=\"http:\/\/tumba-online.de\/wp-content\/uploads\/2020\/05\/Grabr\u00e4uber-1024x620.jpg\" class=\"attachment-large size-large\" alt=\"\" loading=\"lazy\" srcset=\"http:\/\/tumba-online.de\/wp-content\/uploads\/2020\/05\/Grabr\u00e4uber-1024x620.jpg 1024w, http:\/\/tumba-online.de\/wp-content\/uploads\/2020\/05\/Grabr\u00e4uber-300x182.jpg 300w, http:\/\/tumba-online.de\/wp-content\/uploads\/2020\/05\/Grabr\u00e4uber-768x465.jpg 768w, http:\/\/tumba-online.de\/wp-content\/uploads\/2020\/05\/Grabr\u00e4uber.jpg 1189w\" sizes=\"(max-width: 1024px) 100vw, 1024px\" \/>\t\t\t\t\t\t\t\t\t\t\t\t\t\t<\/div>\n\t\t\t\t\t\t<\/div>\n\t\t\t\t<\/div>\n\t\t\t\t<div class=\"elementor-element elementor-element-963ef94 elementor-widget elementor-widget-image\" data-id=\"963ef94\" data-element_type=\"widget\" data-widget_type=\"image.default\">\n\t\t\t\t<div class=\"elementor-widget-container\">\n\t\t\t\t\t\t\t\t<div class=\"elementor-image\">\n\t\t\t\t\t\t\t\t\t\t\t\t<img src=\"http:\/\/tumba-online.de\/wp-content\/uploads\/elementor\/thumbs\/Grabr\u00e4uber-3-opz84l3xg32z0p1dznlg1yyxe0m1q86d1vu2ypyxog.jpg\" title=\"Grabr\u00e4uber 3\" alt=\"Grabr\u00e4uber 3\" \/>\t\t\t\t\t\t\t\t\t\t\t\t\t\t<\/div>\n\t\t\t\t\t\t<\/div>\n\t\t\t\t<\/div>\n\t\t\t\t<div class=\"elementor-element elementor-element-6809c65 elementor-widget elementor-widget-spacer\" data-id=\"6809c65\" data-element_type=\"widget\" data-widget_type=\"spacer.default\">\n\t\t\t\t<div class=\"elementor-widget-container\">\n\t\t\t\t\t<div class=\"elementor-spacer\">\n\t\t\t<div class=\"elementor-spacer-inner\"><\/div>\n\t\t<\/div>\n\t\t\t\t<\/div>\n\t\t\t\t<\/div>\n\t\t\t\t\t\t<\/div>\n\t\t\t\t\t<\/div>\n\t\t<\/div>\n\t\t\t\t<div class=\"elementor-column elementor-col-50 elementor-top-column elementor-element elementor-element-ac63dee\" data-id=\"ac63dee\" data-element_type=\"column\">\n\t\t\t<div class=\"elementor-column-wrap elementor-element-populated\">\n\t\t\t\t\t\t\t<div class=\"elementor-widget-wrap\">\n\t\t\t\t\t\t<div class=\"elementor-element elementor-element-3efd82c elementor-widget elementor-widget-heading\" data-id=\"3efd82c\" data-element_type=\"widget\" data-widget_type=\"heading.default\">\n\t\t\t\t<div class=\"elementor-widget-container\">\n\t\t\t<h2 class=\"elementor-heading-title elementor-size-default\">Grabst\u00e4tte<\/h2>\t\t<\/div>\n\t\t\t\t<\/div>\n\t\t\t\t<div class=\"elementor-element elementor-element-b2dc0e7 elementor-widget elementor-widget-image\" data-id=\"b2dc0e7\" data-element_type=\"widget\" data-widget_type=\"image.default\">\n\t\t\t\t<div class=\"elementor-widget-container\">\n\t\t\t\t\t\t\t\t<div class=\"elementor-image\">\n\t\t\t\t\t\t\t\t\t\t\t\t<img width=\"415\" height=\"332\" src=\"http:\/\/tumba-online.de\/wp-content\/uploads\/2020\/05\/nazca-culture.jpg\" class=\"attachment-large size-large\" alt=\"\" loading=\"lazy\" srcset=\"http:\/\/tumba-online.de\/wp-content\/uploads\/2020\/05\/nazca-culture.jpg 415w, http:\/\/tumba-online.de\/wp-content\/uploads\/2020\/05\/nazca-culture-300x240.jpg 300w\" sizes=\"(max-width: 415px) 100vw, 415px\" \/>\t\t\t\t\t\t\t\t\t\t\t\t\t\t<\/div>\n\t\t\t\t\t\t<\/div>\n\t\t\t\t<\/div>\n\t\t\t\t<div class=\"elementor-element elementor-element-327b84c elementor-widget elementor-widget-image\" data-id=\"327b84c\" data-element_type=\"widget\" data-widget_type=\"image.default\">\n\t\t\t\t<div class=\"elementor-widget-container\">\n\t\t\t\t\t\t\t\t<div class=\"elementor-image\">\n\t\t\t\t\t\t\t\t\t<figure class=\"wp-caption\">\n\t\t\t\t\t\t\t\t\t\t<img src=\"http:\/\/tumba-online.de\/wp-content\/uploads\/elementor\/thumbs\/Helmut-Peru-opz84fgwb2v9319kwl5on0e5tpdug1jz13x6327aps.jpg\" title=\"Helmut Peru\" alt=\"Helmut Peru\" \/>\t\t\t\t\t\t\t\t\t\t\t<figcaption class=\"widget-image-caption wp-caption-text\">Autor Helmut Zumb\u00fclt w\u00e4hrend seiner S\u00fcdamerika-Rundreise<\/figcaption>\n\t\t\t\t\t\t\t\t\t\t<\/figure>\n\t\t\t\t\t\t\t\t<\/div>\n\t\t\t\t\t\t<\/div>\n\t\t\t\t<\/div>\n\t\t\t\t\t\t<\/div>\n\t\t\t\t\t<\/div>\n\t\t<\/div>\n\t\t\t\t\t\t\t\t<\/div>\n\t\t\t\t\t<\/div>\n\t\t<\/section>\n\t\t\t\t<section class=\"elementor-section elementor-top-section elementor-element elementor-element-cacb665 elementor-section-boxed elementor-section-height-default elementor-section-height-default\" data-id=\"cacb665\" data-element_type=\"section\">\n\t\t\t\t\t\t<div class=\"elementor-container elementor-column-gap-default\">\n\t\t\t\t\t\t\t<div class=\"elementor-row\">\n\t\t\t\t\t<div class=\"elementor-column elementor-col-100 elementor-top-column elementor-element elementor-element-3564652\" data-id=\"3564652\" data-element_type=\"column\">\n\t\t\t<div class=\"elementor-column-wrap elementor-element-populated\">\n\t\t\t\t\t\t\t<div class=\"elementor-widget-wrap\">\n\t\t\t\t\t\t<div class=\"elementor-element elementor-element-8f68a0e elementor-widget elementor-widget-heading\" data-id=\"8f68a0e\" data-element_type=\"widget\" data-widget_type=\"heading.default\">\n\t\t\t\t<div class=\"elementor-widget-container\">\n\t\t\t<h2 class=\"elementor-heading-title elementor-size-large\">Informationen<\/h2>\t\t<\/div>\n\t\t\t\t<\/div>\n\t\t\t\t<div class=\"elementor-element elementor-element-b1577e1 elementor-widget elementor-widget-text-editor\" data-id=\"b1577e1\" data-element_type=\"widget\" data-widget_type=\"text-editor.default\">\n\t\t\t\t<div class=\"elementor-widget-container\">\n\t\t\t\t\t\t\t\t<div class=\"elementor-text-editor elementor-clearfix\">\n\t\t\t\t<p><strong>Friedhof Chauchilla<\/strong><br \/>Der Friedhof der Nazca-Kultur wurde in den 1920er Jahren entdeckt. Die Gr\u00e4ber datieren auf einen etwa 700 Jahre langen Zeitraum etwa vom Jahr 200 bis zum 9. Jahrhundert n. Chr., also weit vor der Herrschaft der Inka.<br \/>Die mehrere 100 Gr\u00e4ber wurden durch Grabr\u00e4uber gr\u00f6\u00dftenteils zerst\u00f6rt. Die verstreuten Knochenreste und Keramikscherben wurden im Zuge der Ausgrabungen in die ge\u00f6ffneten Gr\u00e4ber verbracht. Seit 1997 ist der arch\u00e4ologische Fundplatz gesetzlich gesch\u00fctzt.<\/p><p>Das Gr\u00e4berfeld befindet sich in der N\u00e4he des Flusses Poroma und kann \u00fcber eine sieben Kilometer lange unbefestigte Piste von der Panamericana aus erreicht werden. Besichtigt werden k\u00f6nnen mehrere ge\u00f6ffnete Einzel- und Familiengr\u00e4ber. In den nur durch leichte D\u00e4cher gesch\u00fctzten Gr\u00e4bern befinden sich Mumien, menschliche Knochen und arch\u00e4ologisch nicht bedeutsame Reste der Grabbeigaben. Alle wertvollen Funde wurden geraubt oder in Museen verbracht.<\/p><p>Die Toten wurden sitzend in Baumwollstr\u00e4nge eingewickelt und mit Harz behandelt. Anschlie\u00dfen wurden sie in mit\u00a0Lehmziegeln\u00a0ausgekleideten Gruben bestattet. Das extrem trockene\u00a0Klima der peruanischen K\u00fcstenw\u00fcste erm\u00f6glichte die Konservierung der Mumien. Bei den ausgestellten Mumien wurde von den Grabr\u00e4ubern die Baumwollumwicklung im Bereich des Oberk\u00f6rpers weggerissen, um Zugang zu Kleidung und Schmuck zu erhalten<\/p>\t\t\t\t\t<\/div>\n\t\t\t\t\t\t<\/div>\n\t\t\t\t<\/div>\n\t\t\t\t\t\t<\/div>\n\t\t\t\t\t<\/div>\n\t\t<\/div>\n\t\t\t\t\t\t\t\t<\/div>\n\t\t\t\t\t<\/div>\n\t\t<\/section>\n\t\t\t\t\t\t<\/div>\n\t\t\t\t\t\t<\/div>\n\t\t\t\t\t<\/div>\n\t\t","protected":false},"excerpt":{"rendered":"<p>Dreizehntes Kapitel: Tumba und Pep erkunden einen Inkafriedhof und fangen einen Grabr\u00e4uber Bilder Weiterfahrt von Arequipa nach Nazca Die Panamericana zwischen Arequipa und Nazca Tumbas klappriges Taxi Gepl\u00fcnderter Incafriedhof Grabr\u00e4uber Grabst\u00e4tte Autor Helmut Zumb\u00fclt w\u00e4hrend seiner S\u00fcdamerika-Rundreise Informationen Friedhof ChauchillaDer Friedhof der Nazca-Kultur wurde in den 1920er Jahren entdeckt. Die Gr\u00e4ber datieren auf einen etwa [&hellip;]<\/p>\n","protected":false},"author":1,"featured_media":0,"parent":0,"menu_order":0,"comment_status":"closed","ping_status":"closed","template":"","meta":{"spay_email":""},"_links":{"self":[{"href":"http:\/\/tumba-online.de\/index.php?rest_route=\/wp\/v2\/pages\/589"}],"collection":[{"href":"http:\/\/tumba-online.de\/index.php?rest_route=\/wp\/v2\/pages"}],"about":[{"href":"http:\/\/tumba-online.de\/index.php?rest_route=\/wp\/v2\/types\/page"}],"author":[{"embeddable":true,"href":"http:\/\/tumba-online.de\/index.php?rest_route=\/wp\/v2\/users\/1"}],"replies":[{"embeddable":true,"href":"http:\/\/tumba-online.de\/index.php?rest_route=%2Fwp%2Fv2%2Fcomments&post=589"}],"version-history":[{"count":6,"href":"http:\/\/tumba-online.de\/index.php?rest_route=\/wp\/v2\/pages\/589\/revisions"}],"predecessor-version":[{"id":648,"href":"http:\/\/tumba-online.de\/index.php?rest_route=\/wp\/v2\/pages\/589\/revisions\/648"}],"wp:attachment":[{"href":"http:\/\/tumba-online.de\/index.php?rest_route=%2Fwp%2Fv2%2Fmedia&parent=589"}],"curies":[{"name":"wp","href":"https:\/\/api.w.org\/{rel}","templated":true}]}}