{"id":602,"date":"2020-05-23T05:47:19","date_gmt":"2020-05-23T05:47:19","guid":{"rendered":"http:\/\/tumba-online.de\/?page_id=602"},"modified":"2021-09-07T17:51:30","modified_gmt":"2021-09-07T17:51:30","slug":"teil-ii-kapitel-14","status":"publish","type":"page","link":"http:\/\/tumba-online.de\/?page_id=602","title":{"rendered":"Teil II &#8211; Kapitel 14"},"content":{"rendered":"\t\t<div data-elementor-type=\"wp-page\" data-elementor-id=\"602\" class=\"elementor elementor-602\" data-elementor-settings=\"[]\">\n\t\t\t\t\t\t<div class=\"elementor-inner\">\n\t\t\t\t\t\t\t<div class=\"elementor-section-wrap\">\n\t\t\t\t\t\t\t<section class=\"elementor-section elementor-top-section elementor-element elementor-element-e12e8a8 elementor-section-boxed elementor-section-height-default elementor-section-height-default\" data-id=\"e12e8a8\" data-element_type=\"section\">\n\t\t\t\t\t\t<div class=\"elementor-container elementor-column-gap-default\">\n\t\t\t\t\t\t\t<div class=\"elementor-row\">\n\t\t\t\t\t<div class=\"elementor-column elementor-col-100 elementor-top-column elementor-element elementor-element-73d3a98\" data-id=\"73d3a98\" data-element_type=\"column\">\n\t\t\t<div class=\"elementor-column-wrap elementor-element-populated\">\n\t\t\t\t\t\t\t<div class=\"elementor-widget-wrap\">\n\t\t\t\t\t\t<div class=\"elementor-element elementor-element-e1228ce elementor-widget elementor-widget-heading\" data-id=\"e1228ce\" data-element_type=\"widget\" data-widget_type=\"heading.default\">\n\t\t\t\t<div class=\"elementor-widget-container\">\n\t\t\t<h2 class=\"elementor-heading-title elementor-size-xl\">Vierzehntes Kapitel: Tumba und Pep fliegen \u00fcber die Nazcaw\u00fcste<\/h2>\t\t<\/div>\n\t\t\t\t<\/div>\n\t\t\t\t<div class=\"elementor-element elementor-element-7a3f99d elementor-widget elementor-widget-heading\" data-id=\"7a3f99d\" data-element_type=\"widget\" data-widget_type=\"heading.default\">\n\t\t\t\t<div class=\"elementor-widget-container\">\n\t\t\t<h2 class=\"elementor-heading-title elementor-size-large\">Bilder<\/h2>\t\t<\/div>\n\t\t\t\t<\/div>\n\t\t\t\t<div class=\"elementor-element elementor-element-2eddd16 elementor-widget elementor-widget-heading\" data-id=\"2eddd16\" data-element_type=\"widget\" data-widget_type=\"heading.default\">\n\t\t\t\t<div class=\"elementor-widget-container\">\n\t\t\t<h2 class=\"elementor-heading-title elementor-size-default\">Die Nascaw\u00fcste<\/h2>\t\t<\/div>\n\t\t\t\t<\/div>\n\t\t\t\t<div class=\"elementor-element elementor-element-2a77d4f elementor-widget elementor-widget-image\" data-id=\"2a77d4f\" data-element_type=\"widget\" data-widget_type=\"image.default\">\n\t\t\t\t<div class=\"elementor-widget-container\">\n\t\t\t\t\t\t\t\t<div class=\"elementor-image\">\n\t\t\t\t\t\t\t\t\t\t\t\t<img width=\"1024\" height=\"683\" src=\"http:\/\/tumba-online.de\/wp-content\/uploads\/2020\/05\/images-1024x683.jpg\" class=\"attachment-large size-large\" alt=\"\" loading=\"lazy\" srcset=\"http:\/\/tumba-online.de\/wp-content\/uploads\/2020\/05\/images-1024x683.jpg 1024w, http:\/\/tumba-online.de\/wp-content\/uploads\/2020\/05\/images-300x200.jpg 300w, http:\/\/tumba-online.de\/wp-content\/uploads\/2020\/05\/images-768x512.jpg 768w, http:\/\/tumba-online.de\/wp-content\/uploads\/2020\/05\/images.jpg 1279w\" sizes=\"(max-width: 1024px) 100vw, 1024px\" \/>\t\t\t\t\t\t\t\t\t\t\t\t\t\t<\/div>\n\t\t\t\t\t\t<\/div>\n\t\t\t\t<\/div>\n\t\t\t\t<div class=\"elementor-element elementor-element-3717275 elementor-widget elementor-widget-spacer\" data-id=\"3717275\" data-element_type=\"widget\" data-widget_type=\"spacer.default\">\n\t\t\t\t<div class=\"elementor-widget-container\">\n\t\t\t\t\t<div class=\"elementor-spacer\">\n\t\t\t<div class=\"elementor-spacer-inner\"><\/div>\n\t\t<\/div>\n\t\t\t\t<\/div>\n\t\t\t\t<\/div>\n\t\t\t\t<div class=\"elementor-element elementor-element-a1e5524 elementor-widget elementor-widget-heading\" data-id=\"a1e5524\" data-element_type=\"widget\" data-widget_type=\"heading.default\">\n\t\t\t\t<div class=\"elementor-widget-container\">\n\t\t\t<h2 class=\"elementor-heading-title elementor-size-default\">Der Flug \u00fcber die W\u00fcste<\/h2>\t\t<\/div>\n\t\t\t\t<\/div>\n\t\t\t\t\t\t<\/div>\n\t\t\t\t\t<\/div>\n\t\t<\/div>\n\t\t\t\t\t\t\t\t<\/div>\n\t\t\t\t\t<\/div>\n\t\t<\/section>\n\t\t\t\t<section class=\"elementor-section elementor-top-section elementor-element elementor-element-cec3f2b elementor-section-boxed elementor-section-height-default elementor-section-height-default\" data-id=\"cec3f2b\" data-element_type=\"section\">\n\t\t\t\t\t\t<div class=\"elementor-container elementor-column-gap-default\">\n\t\t\t\t\t\t\t<div class=\"elementor-row\">\n\t\t\t\t\t<div class=\"elementor-column elementor-col-50 elementor-top-column elementor-element elementor-element-54dc647\" data-id=\"54dc647\" data-element_type=\"column\">\n\t\t\t<div class=\"elementor-column-wrap elementor-element-populated\">\n\t\t\t\t\t\t\t<div class=\"elementor-widget-wrap\">\n\t\t\t\t\t\t<div class=\"elementor-element elementor-element-448982c elementor-widget elementor-widget-image\" data-id=\"448982c\" data-element_type=\"widget\" data-widget_type=\"image.default\">\n\t\t\t\t<div class=\"elementor-widget-container\">\n\t\t\t\t\t\t\t\t<div class=\"elementor-image\">\n\t\t\t\t\t\t\t\t\t\t\t\t<img width=\"400\" height=\"300\" src=\"http:\/\/tumba-online.de\/wp-content\/uploads\/2020\/05\/thumb-IMGP2665.jpg\" class=\"attachment-large size-large\" alt=\"\" loading=\"lazy\" srcset=\"http:\/\/tumba-online.de\/wp-content\/uploads\/2020\/05\/thumb-IMGP2665.jpg 400w, http:\/\/tumba-online.de\/wp-content\/uploads\/2020\/05\/thumb-IMGP2665-300x225.jpg 300w\" sizes=\"(max-width: 400px) 100vw, 400px\" \/>\t\t\t\t\t\t\t\t\t\t\t\t\t\t<\/div>\n\t\t\t\t\t\t<\/div>\n\t\t\t\t<\/div>\n\t\t\t\t\t\t<\/div>\n\t\t\t\t\t<\/div>\n\t\t<\/div>\n\t\t\t\t<div class=\"elementor-column elementor-col-50 elementor-top-column elementor-element elementor-element-70dd9fd\" data-id=\"70dd9fd\" data-element_type=\"column\">\n\t\t\t<div class=\"elementor-column-wrap elementor-element-populated\">\n\t\t\t\t\t\t\t<div class=\"elementor-widget-wrap\">\n\t\t\t\t\t\t<div class=\"elementor-element elementor-element-fe69a29 elementor-widget elementor-widget-image\" data-id=\"fe69a29\" data-element_type=\"widget\" data-widget_type=\"image.default\">\n\t\t\t\t<div class=\"elementor-widget-container\">\n\t\t\t\t\t\t\t\t<div class=\"elementor-image\">\n\t\t\t\t\t\t\t\t\t\t\t\t<img src=\"http:\/\/tumba-online.de\/wp-content\/uploads\/elementor\/thumbs\/Nazca_Lines_Whale-opxfbg1pid4j2soujuexvazpxqkcl7uzvysp7b8h6o.jpg\" title=\"Nazca-Linien, Wal\" alt=\"Nazca-Linien, Wal\" \/>\t\t\t\t\t\t\t\t\t\t\t\t\t\t<\/div>\n\t\t\t\t\t\t<\/div>\n\t\t\t\t<\/div>\n\t\t\t\t\t\t<\/div>\n\t\t\t\t\t<\/div>\n\t\t<\/div>\n\t\t\t\t\t\t\t\t<\/div>\n\t\t\t\t\t<\/div>\n\t\t<\/section>\n\t\t\t\t<section class=\"elementor-section elementor-top-section elementor-element elementor-element-7bfb551 elementor-section-boxed elementor-section-height-default elementor-section-height-default\" data-id=\"7bfb551\" data-element_type=\"section\">\n\t\t\t\t\t\t<div class=\"elementor-container elementor-column-gap-default\">\n\t\t\t\t\t\t\t<div class=\"elementor-row\">\n\t\t\t\t\t<div class=\"elementor-column elementor-col-50 elementor-top-column elementor-element elementor-element-085e4d0\" data-id=\"085e4d0\" data-element_type=\"column\">\n\t\t\t<div class=\"elementor-column-wrap elementor-element-populated\">\n\t\t\t\t\t\t\t<div class=\"elementor-widget-wrap\">\n\t\t\t\t\t\t<div class=\"elementor-element elementor-element-4395d95 elementor-widget elementor-widget-image\" data-id=\"4395d95\" data-element_type=\"widget\" data-widget_type=\"image.default\">\n\t\t\t\t<div class=\"elementor-widget-container\">\n\t\t\t\t\t\t\t\t<div class=\"elementor-image\">\n\t\t\t\t\t\t\t\t\t\t\t\t<img width=\"511\" height=\"340\" src=\"http:\/\/tumba-online.de\/wp-content\/uploads\/2020\/05\/peru-1177687__340.jpg\" class=\"attachment-large size-large\" alt=\"\" loading=\"lazy\" srcset=\"http:\/\/tumba-online.de\/wp-content\/uploads\/2020\/05\/peru-1177687__340.jpg 511w, http:\/\/tumba-online.de\/wp-content\/uploads\/2020\/05\/peru-1177687__340-300x200.jpg 300w\" sizes=\"(max-width: 511px) 100vw, 511px\" \/>\t\t\t\t\t\t\t\t\t\t\t\t\t\t<\/div>\n\t\t\t\t\t\t<\/div>\n\t\t\t\t<\/div>\n\t\t\t\t<div class=\"elementor-element elementor-element-99e1bb1 elementor-widget elementor-widget-image\" data-id=\"99e1bb1\" data-element_type=\"widget\" data-widget_type=\"image.default\">\n\t\t\t\t<div class=\"elementor-widget-container\">\n\t\t\t\t\t\t\t\t<div class=\"elementor-image\">\n\t\t\t\t\t\t\t\t\t\t\t\t<img src=\"http:\/\/tumba-online.de\/wp-content\/uploads\/elementor\/thumbs\/nasca-1177626_960_720-opxfq74ozut3oppu7eidx0gecjy2wq461vo0xwz5ku.jpg\" title=\"nasca-1177626_960_720\" alt=\"nasca-1177626_960_720\" \/>\t\t\t\t\t\t\t\t\t\t\t\t\t\t<\/div>\n\t\t\t\t\t\t<\/div>\n\t\t\t\t<\/div>\n\t\t\t\t<div class=\"elementor-element elementor-element-07d3228 elementor-widget elementor-widget-image\" data-id=\"07d3228\" data-element_type=\"widget\" data-widget_type=\"image.default\">\n\t\t\t\t<div class=\"elementor-widget-container\">\n\t\t\t\t\t\t\t\t<div class=\"elementor-image\">\n\t\t\t\t\t\t\t\t\t\t\t\t<img src=\"http:\/\/tumba-online.de\/wp-content\/uploads\/elementor\/thumbs\/640px-Nazca_colibri-opxfnhdh933a59nu2896pp4gkhbwo7c30ftj1502n6.jpg\" title=\"640px-Nazca_colibri\" alt=\"640px-Nazca_colibri\" \/>\t\t\t\t\t\t\t\t\t\t\t\t\t\t<\/div>\n\t\t\t\t\t\t<\/div>\n\t\t\t\t<\/div>\n\t\t\t\t\t\t<\/div>\n\t\t\t\t\t<\/div>\n\t\t<\/div>\n\t\t\t\t<div class=\"elementor-column elementor-col-50 elementor-top-column elementor-element elementor-element-f1a2890\" data-id=\"f1a2890\" data-element_type=\"column\">\n\t\t\t<div class=\"elementor-column-wrap elementor-element-populated\">\n\t\t\t\t\t\t\t<div class=\"elementor-widget-wrap\">\n\t\t\t\t\t\t<div class=\"elementor-element elementor-element-eb0c8df elementor-widget elementor-widget-image\" data-id=\"eb0c8df\" data-element_type=\"widget\" data-widget_type=\"image.default\">\n\t\t\t\t<div class=\"elementor-widget-container\">\n\t\t\t\t\t\t\t\t<div class=\"elementor-image\">\n\t\t\t\t\t\t\t\t\t\t\t\t<img src=\"http:\/\/tumba-online.de\/wp-content\/uploads\/elementor\/thumbs\/1971-scaled-opxfo5t9hcbxnwsuuocmu4esu2n55bwvgs3wbfpclo.jpg\" title=\"1971\" alt=\"1971\" \/>\t\t\t\t\t\t\t\t\t\t\t\t\t\t<\/div>\n\t\t\t\t\t\t<\/div>\n\t\t\t\t<\/div>\n\t\t\t\t<div class=\"elementor-element elementor-element-ba7cddd elementor-widget elementor-widget-image\" data-id=\"ba7cddd\" data-element_type=\"widget\" data-widget_type=\"image.default\">\n\t\t\t\t<div class=\"elementor-widget-container\">\n\t\t\t\t\t\t\t\t<div class=\"elementor-image\">\n\t\t\t\t\t\t\t\t\t\t\t\t<img width=\"453\" height=\"340\" src=\"http:\/\/tumba-online.de\/wp-content\/uploads\/2020\/05\/nasca-43228__340.jpg\" class=\"attachment-full size-full\" alt=\"\" loading=\"lazy\" srcset=\"http:\/\/tumba-online.de\/wp-content\/uploads\/2020\/05\/nasca-43228__340.jpg 453w, http:\/\/tumba-online.de\/wp-content\/uploads\/2020\/05\/nasca-43228__340-300x225.jpg 300w\" sizes=\"(max-width: 453px) 100vw, 453px\" \/>\t\t\t\t\t\t\t\t\t\t\t\t\t\t<\/div>\n\t\t\t\t\t\t<\/div>\n\t\t\t\t<\/div>\n\t\t\t\t<div class=\"elementor-element elementor-element-ebac3b0 elementor-widget elementor-widget-image\" data-id=\"ebac3b0\" data-element_type=\"widget\" data-widget_type=\"image.default\">\n\t\t\t\t<div class=\"elementor-widget-container\">\n\t\t\t\t\t\t\t\t<div class=\"elementor-image\">\n\t\t\t\t\t\t\t\t\t\t\t\t<img width=\"204\" height=\"247\" src=\"http:\/\/tumba-online.de\/wp-content\/uploads\/2020\/05\/Download-8.jpg\" class=\"attachment-large size-large\" alt=\"\" loading=\"lazy\" \/>\t\t\t\t\t\t\t\t\t\t\t\t\t\t<\/div>\n\t\t\t\t\t\t<\/div>\n\t\t\t\t<\/div>\n\t\t\t\t\t\t<\/div>\n\t\t\t\t\t<\/div>\n\t\t<\/div>\n\t\t\t\t\t\t\t\t<\/div>\n\t\t\t\t\t<\/div>\n\t\t<\/section>\n\t\t\t\t<section class=\"elementor-section elementor-top-section elementor-element elementor-element-f7e15fa elementor-section-boxed elementor-section-height-default elementor-section-height-default\" data-id=\"f7e15fa\" data-element_type=\"section\">\n\t\t\t\t\t\t<div class=\"elementor-container elementor-column-gap-default\">\n\t\t\t\t\t\t\t<div class=\"elementor-row\">\n\t\t\t\t\t<div class=\"elementor-column elementor-col-100 elementor-top-column elementor-element elementor-element-cc149f5\" data-id=\"cc149f5\" data-element_type=\"column\">\n\t\t\t<div class=\"elementor-column-wrap elementor-element-populated\">\n\t\t\t\t\t\t\t<div class=\"elementor-widget-wrap\">\n\t\t\t\t\t\t<div class=\"elementor-element elementor-element-aa3d952 elementor-widget elementor-widget-heading\" data-id=\"aa3d952\" data-element_type=\"widget\" data-widget_type=\"heading.default\">\n\t\t\t\t<div class=\"elementor-widget-container\">\n\t\t\t<h2 class=\"elementor-heading-title elementor-size-large\">Informationen<\/h2>\t\t<\/div>\n\t\t\t\t<\/div>\n\t\t\t\t<div class=\"elementor-element elementor-element-e290850 elementor-widget elementor-widget-text-editor\" data-id=\"e290850\" data-element_type=\"widget\" data-widget_type=\"text-editor.default\">\n\t\t\t\t<div class=\"elementor-widget-container\">\n\t\t\t\t\t\t\t\t<div class=\"elementor-text-editor elementor-clearfix\">\n\t\t\t\t<p><strong>Nazca Linien<\/strong><\/p><p>Mysteri\u00f6se Scharrbilder in der W\u00fcste von Nazca<\/p><p><strong>Mehrere jahrhundertealte Zeichnungen<\/strong><\/p><p>Im S\u00fcdwesten des Landes befindet sich die peruanische Ortschaft Nazca, nach der die gleichnamige W\u00fcste und die r\u00e4tselhaften, uralten Geoglyphen benannt wurden. Im steinigen Boden der Nazca W\u00fcste lassen sich zahlreiche, gescharrte Bilder entdecken, darunter sehr pr\u00e4zise geometrische Formen sowie Abbildungen einer Spinnen, eines Astronauten, Affen, Kolibris, Fisches und mehr. Die Entstehung der Nazca Linien in der Pampa Colorada l\u00e4sst sich etwa auf die Zeit zwischen 400 vor Christus und 600 nach Christus datieren, als sich die indigene Nazca Kultur in Peru entwickelte. \u00dcber die Entstehung und den eigentlichen Zweck der mysteri\u00f6sen Scharrbilder herrschen zahlreiche Theorien, Spekulationen und Mythen, da wenig dar\u00fcber bekannt ist und die Nazca Linien Forscher noch heute vor ein gro\u00dfes R\u00e4tsel stellen. Eine Theorie ist beispielsweise, dass es sich hier um einen astronomischen Kalender handelt. Erstmals entdeckt wurden die Nazca Linien erst in den 1920er Jahren mit Beginn des kommerziellen Flugverkehrs, als Passagiere die Linien aus dem Flugzeug sahen. Seit 1994 z\u00e4hlen die Bodenbilder von Nazca zum Weltkulturerbe der UNESCO. Abgesehen von den ber\u00fchmten Nazca Linien wurden in der Region arch\u00e4ologische Relikte wie Textilien-, Knochen- und Mumienfunde als Zeugen der Nazca-Kultur ausgegraben.<\/p><p><strong>Besuch der Nazca Linien<\/strong><\/p><p>Aufgrund der enormen Gr\u00f6\u00dfe lassen sich die Nazca Scharrbilder nat\u00fcrlich am besten aus der Luft betrachten. Die Nazca Ebene erstreckt sich auf einer Fl\u00e4che von \u00fcber 500 Quadratkilometer. Bis zu 20 Kilometer lange, geometrische Muster und Abbildungen, die teils mehrere hunderte Meter messen, lassen sich in ihrem Ausma\u00df nur von oben und aus einiger Distanz erkennen. Zum Schutz und Erhalt der Nazca Linien d\u00fcrfen diese au\u00dferdem nicht betreten werden, weshalb es unabdingbar ist, einen Rundflug zu buchen.<\/p><p>Quelle:\u00a0\u00a0 <span style=\"text-decoration: underline;\"><a href=\"https:\/\/www.explorer.de\/reiseziele\/mittel-und-suedamerika\/peru\/nazca-linien.html\">https:\/\/www.explorer.de\/reiseziele\/mittel-und-suedamerika\/peru\/nazca-linien.html<\/a><\/span><\/p><p>\u00a0<\/p><p><strong>Informative Videos zum Thema Nazcalinien<\/strong><\/p>\t\t\t\t\t<\/div>\n\t\t\t\t\t\t<\/div>\n\t\t\t\t<\/div>\n\t\t\t\t\t\t<\/div>\n\t\t\t\t\t<\/div>\n\t\t<\/div>\n\t\t\t\t\t\t\t\t<\/div>\n\t\t\t\t\t<\/div>\n\t\t<\/section>\n\t\t\t\t<section class=\"elementor-section elementor-top-section elementor-element elementor-element-7e6674d elementor-section-boxed elementor-section-height-default elementor-section-height-default\" data-id=\"7e6674d\" data-element_type=\"section\">\n\t\t\t\t\t\t<div class=\"elementor-container elementor-column-gap-default\">\n\t\t\t\t\t\t\t<div class=\"elementor-row\">\n\t\t\t\t\t<div class=\"elementor-column elementor-col-50 elementor-top-column elementor-element elementor-element-99d2fc6\" data-id=\"99d2fc6\" data-element_type=\"column\">\n\t\t\t<div class=\"elementor-column-wrap elementor-element-populated\">\n\t\t\t\t\t\t\t<div class=\"elementor-widget-wrap\">\n\t\t\t\t\t\t<div class=\"elementor-element elementor-element-fa19737 elementor-aspect-ratio-169 elementor-widget elementor-widget-video\" data-id=\"fa19737\" data-element_type=\"widget\" data-settings=\"{&quot;video_type&quot;:&quot;hosted&quot;,&quot;controls&quot;:&quot;yes&quot;,&quot;aspect_ratio&quot;:&quot;169&quot;}\" data-widget_type=\"video.default\">\n\t\t\t\t<div class=\"elementor-widget-container\">\n\t\t\t\t\t<div class=\"e-hosted-video elementor-wrapper elementor-fit-aspect-ratio elementor-open-inline\">\n\t\t\t\t\t<video class=\"elementor-video\" src=\"http:\/\/tumba-online.de\/wp-content\/uploads\/2021\/09\/Nazca.mp4\" controls=\"\" controlsList=\"nodownload\"><\/video>\n\t\t\t\t<\/div>\n\t\t\t\t<\/div>\n\t\t\t\t<\/div>\n\t\t\t\t\t\t<\/div>\n\t\t\t\t\t<\/div>\n\t\t<\/div>\n\t\t\t\t<div class=\"elementor-column elementor-col-50 elementor-top-column elementor-element elementor-element-be8be2b\" data-id=\"be8be2b\" data-element_type=\"column\">\n\t\t\t<div class=\"elementor-column-wrap elementor-element-populated\">\n\t\t\t\t\t\t\t<div class=\"elementor-widget-wrap\">\n\t\t\t\t\t\t<div class=\"elementor-element elementor-element-8c071db elementor-aspect-ratio-169 elementor-widget elementor-widget-video\" data-id=\"8c071db\" data-element_type=\"widget\" data-settings=\"{&quot;youtube_url&quot;:&quot;https:\\\/\\\/www.youtube.com\\\/watch?v=aCaGzI-MHyM&amp;t=526s&quot;,&quot;video_type&quot;:&quot;youtube&quot;,&quot;controls&quot;:&quot;yes&quot;,&quot;aspect_ratio&quot;:&quot;169&quot;}\" data-widget_type=\"video.default\">\n\t\t\t\t<div class=\"elementor-widget-container\">\n\t\t\t\t\t<div class=\"elementor-wrapper elementor-fit-aspect-ratio elementor-open-inline\">\n\t\t\t<div class=\"elementor-video\"><\/div>\t\t<\/div>\n\t\t\t\t<\/div>\n\t\t\t\t<\/div>\n\t\t\t\t\t\t<\/div>\n\t\t\t\t\t<\/div>\n\t\t<\/div>\n\t\t\t\t\t\t\t\t<\/div>\n\t\t\t\t\t<\/div>\n\t\t<\/section>\n\t\t\t\t<section class=\"elementor-section elementor-top-section elementor-element elementor-element-89eecb5 elementor-section-boxed elementor-section-height-default elementor-section-height-default\" data-id=\"89eecb5\" data-element_type=\"section\">\n\t\t\t\t\t\t<div class=\"elementor-container elementor-column-gap-default\">\n\t\t\t\t\t\t\t<div class=\"elementor-row\">\n\t\t\t\t\t<div class=\"elementor-column elementor-col-100 elementor-top-column elementor-element elementor-element-bf1f2b1\" data-id=\"bf1f2b1\" data-element_type=\"column\">\n\t\t\t<div class=\"elementor-column-wrap elementor-element-populated\">\n\t\t\t\t\t\t\t<div class=\"elementor-widget-wrap\">\n\t\t\t\t\t\t<div class=\"elementor-element elementor-element-52721c4 elementor-widget elementor-widget-spacer\" data-id=\"52721c4\" data-element_type=\"widget\" data-widget_type=\"spacer.default\">\n\t\t\t\t<div class=\"elementor-widget-container\">\n\t\t\t\t\t<div class=\"elementor-spacer\">\n\t\t\t<div class=\"elementor-spacer-inner\"><\/div>\n\t\t<\/div>\n\t\t\t\t<\/div>\n\t\t\t\t<\/div>\n\t\t\t\t<div class=\"elementor-element elementor-element-6a678fd elementor-widget elementor-widget-heading\" data-id=\"6a678fd\" data-element_type=\"widget\" data-widget_type=\"heading.default\">\n\t\t\t\t<div class=\"elementor-widget-container\">\n\t\t\t<h2 class=\"elementor-heading-title elementor-size-large\">Interaktiv<\/h2>\t\t<\/div>\n\t\t\t\t<\/div>\n\t\t\t\t<div class=\"elementor-element elementor-element-e7b75c5 elementor-widget elementor-widget-text-editor\" data-id=\"e7b75c5\" data-element_type=\"widget\" data-widget_type=\"text-editor.default\">\n\t\t\t\t<div class=\"elementor-widget-container\">\n\t\t\t\t\t\t\t\t<div class=\"elementor-text-editor elementor-clearfix\">\n\t\t\t\t<p>Als kreative Aufgabe f\u00fcr die kleinen Leserinnen und Leser, k\u00f6nnen die oben gezeigten Scharrbilder nachgezeichnet werden.<\/p>\t\t\t\t\t<\/div>\n\t\t\t\t\t\t<\/div>\n\t\t\t\t<\/div>\n\t\t\t\t\t\t<\/div>\n\t\t\t\t\t<\/div>\n\t\t<\/div>\n\t\t\t\t\t\t\t\t<\/div>\n\t\t\t\t\t<\/div>\n\t\t<\/section>\n\t\t\t\t\t\t<\/div>\n\t\t\t\t\t\t<\/div>\n\t\t\t\t\t<\/div>\n\t\t","protected":false},"excerpt":{"rendered":"<p>Vierzehntes Kapitel: Tumba und Pep fliegen \u00fcber die Nazcaw\u00fcste Bilder Die Nascaw\u00fcste Der Flug \u00fcber die W\u00fcste Informationen Nazca Linien Mysteri\u00f6se Scharrbilder in der W\u00fcste von Nazca Mehrere jahrhundertealte Zeichnungen Im S\u00fcdwesten des Landes befindet sich die peruanische Ortschaft Nazca, nach der die gleichnamige W\u00fcste und die r\u00e4tselhaften, uralten Geoglyphen benannt wurden. Im steinigen Boden [&hellip;]<\/p>\n","protected":false},"author":1,"featured_media":0,"parent":0,"menu_order":0,"comment_status":"closed","ping_status":"closed","template":"","meta":{"spay_email":""},"_links":{"self":[{"href":"http:\/\/tumba-online.de\/index.php?rest_route=\/wp\/v2\/pages\/602"}],"collection":[{"href":"http:\/\/tumba-online.de\/index.php?rest_route=\/wp\/v2\/pages"}],"about":[{"href":"http:\/\/tumba-online.de\/index.php?rest_route=\/wp\/v2\/types\/page"}],"author":[{"embeddable":true,"href":"http:\/\/tumba-online.de\/index.php?rest_route=\/wp\/v2\/users\/1"}],"replies":[{"embeddable":true,"href":"http:\/\/tumba-online.de\/index.php?rest_route=%2Fwp%2Fv2%2Fcomments&post=602"}],"version-history":[{"count":10,"href":"http:\/\/tumba-online.de\/index.php?rest_route=\/wp\/v2\/pages\/602\/revisions"}],"predecessor-version":[{"id":902,"href":"http:\/\/tumba-online.de\/index.php?rest_route=\/wp\/v2\/pages\/602\/revisions\/902"}],"wp:attachment":[{"href":"http:\/\/tumba-online.de\/index.php?rest_route=%2Fwp%2Fv2%2Fmedia&parent=602"}],"curies":[{"name":"wp","href":"https:\/\/api.w.org\/{rel}","templated":true}]}}